{"id":213069,"date":"2023-11-08T23:54:16","date_gmt":"2023-11-08T22:54:16","guid":{"rendered":"https:\/\/cybercaze.com\/?post_type=product&#038;p=213069"},"modified":"2024-02-14T16:52:52","modified_gmt":"2024-02-14T21:52:52","slug":"glorious-gaming","status":"publish","type":"product","link":"https:\/\/cybercaze.com\/index.php\/producto\/glorious-gaming\/","title":{"rendered":"Glorious Gaming Model O Wireless Gaming Mouse"},"content":{"rendered":"<p>[et_pb_section fb_built=&#8221;1&#8243; _builder_version=&#8221;4.23.1&#8243; background_color=&#8221;RGBA(255,255,255,0)&#8221; use_background_color_gradient=&#8221;off&#8221; custom_padding=&#8221;0px||||false|false&#8221; global_colors_info=&#8221;{}&#8221;][et_pb_row _builder_version=&#8221;4.16&#8243; background_size=&#8221;initial&#8221; background_position=&#8221;top_left&#8221; background_repeat=&#8221;repeat&#8221; width=&#8221;100%&#8221; custom_padding=&#8221;0px||0px||false|false&#8221; global_colors_info=&#8221;{}&#8221;][et_pb_column type=&#8221;4_4&#8243; _builder_version=&#8221;4.16&#8243; custom_padding=&#8221;|||&#8221; global_colors_info=&#8221;{}&#8221; custom_padding__hover=&#8221;|||&#8221;][et_pb_wc_breadcrumb _builder_version=&#8221;4.22.2&#8243; body_font=&#8221;Rajdhani|600|||||||&#8221; body_text_color=&#8221;#45637F&#8221; body_font_size=&#8221;15px&#8221; global_colors_info=&#8221;{}&#8221;][\/et_pb_wc_breadcrumb][\/et_pb_column][\/et_pb_row][et_pb_row column_structure=&#8221;1_2,1_2&#8243; _builder_version=&#8221;4.16&#8243; background_size=&#8221;initial&#8221; background_position=&#8221;top_left&#8221; background_repeat=&#8221;repeat&#8221; width=&#8221;100%&#8221; custom_padding=&#8221;0px||47px||false|false&#8221; global_colors_info=&#8221;{}&#8221;][et_pb_column type=&#8221;1_2&#8243; _builder_version=&#8221;4.16&#8243; custom_padding=&#8221;|||&#8221; global_colors_info=&#8221;{}&#8221; custom_padding__hover=&#8221;|||&#8221;][et_pb_wc_images _builder_version=&#8221;4.22.2&#8243; sale_badge_font=&#8221;Rajdhani||||||||&#8221; global_colors_info=&#8221;{}&#8221;][\/et_pb_wc_images][\/et_pb_column][et_pb_column type=&#8221;1_2&#8243; _builder_version=&#8221;4.16&#8243; custom_padding=&#8221;|||&#8221; global_colors_info=&#8221;{}&#8221; custom_padding__hover=&#8221;|||&#8221;][et_pb_wc_title _builder_version=&#8221;4.22.2&#8243; header_font=&#8221;Rajdhani|700|||||||&#8221; header_text_color=&#8221;#45637F&#8221; global_colors_info=&#8221;{}&#8221;][\/et_pb_wc_title][et_pb_wc_rating _builder_version=&#8221;4.22.2&#8243; rating_text_color=&#8221;#88C5FE&#8221; global_colors_info=&#8221;{}&#8221;][\/et_pb_wc_rating][et_pb_wc_price _builder_version=&#8221;4.22.2&#8243; body_font=&#8221;Rajdhani|700|||||||&#8221; body_text_color=&#8221;#45637F&#8221; global_colors_info=&#8221;{}&#8221;][\/et_pb_wc_price][et_pb_button button_url=&#8221;https:\/\/amzn.to\/46bSCGQ&#8221; url_new_window=&#8221;on&#8221; button_text=&#8221;Comprar en amazon&#8221; _builder_version=&#8221;4.23.1&#8243; _module_preset=&#8221;default&#8221; custom_button=&#8221;on&#8221; button_text_color=&#8221;#FFFFFF&#8221; button_bg_color=&#8221;#45637F&#8221; button_font=&#8221;Rajdhani||||||||&#8221; button_icon=&#8221;&#xf270;||fa||400&#8243; global_colors_info=&#8221;{}&#8221;][\/et_pb_button][et_pb_wc_description _builder_version=&#8221;4.23.4&#8243; _module_preset=&#8221;default&#8221; global_colors_info=&#8221;{}&#8221;][\/et_pb_wc_description][\/et_pb_column][\/et_pb_row][et_pb_row _builder_version=&#8221;4.16&#8243; background_size=&#8221;initial&#8221; background_position=&#8221;top_left&#8221; background_repeat=&#8221;repeat&#8221; width=&#8221;100%&#8221; global_colors_info=&#8221;{}&#8221;][et_pb_column type=&#8221;4_4&#8243; _builder_version=&#8221;4.16&#8243; custom_padding=&#8221;|||&#8221; global_colors_info=&#8221;{}&#8221; custom_padding__hover=&#8221;|||&#8221;][et_pb_wc_upsells _builder_version=&#8221;4.16&#8243; global_colors_info=&#8221;{}&#8221;][\/et_pb_wc_upsells][et_pb_wc_related_products include_categories=&#8221;all&#8221; _builder_version=&#8221;4.23.2&#8243; global_colors_info=&#8221;{}&#8221;][\/et_pb_wc_related_products][\/et_pb_column][\/et_pb_row][\/et_pb_section]<\/p>\n","protected":false},"excerpt":{"rendered":"<h1 class=\"a-size-base-plus a-text-bold\">Sobre este art\u00edculo<\/h1>\n<ul class=\"a-unordered-list a-vertical a-spacing-mini\">\n<li class=\"a-spacing-mini\"><span class=\"a-list-item\"><b>DISE\u00d1O ULTRALIGERO HIVE CON RGB FLOW<\/b>: Fabricado con un dise\u00f1o ultraligero hive, el MMW3 te ofrece un completo rat\u00f3n inal\u00e1mbrico con bater\u00eda interna de tan s\u00f3lo 79 gramos; Adem\u00e1s, cuenta con un espectacular sistema de iluminaci\u00f3n LED RGB Flow con transici\u00f3n autom\u00e1tica de colores<\/span><\/li>\n<li class=\"a-spacing-mini\"><span class=\"a-list-item\"><b>SENSOR \u00d3PTICO DE 3200 DPI<\/b>: El rat\u00f3n MMW3 te garantiza velocidad y precisi\u00f3n total en cada movimiento con un sensor \u00f3ptico de 3200 DPI y 3 perfiles distintos de 800, 1600 y 3200 para que puedas regular la intensidad de tus movimientos<\/span><\/li>\n<li class=\"a-spacing-mini\"><span class=\"a-list-item\"><b>SWITCHES MEC\u00c1NIC\u00c1NICOS PROFESIONALES<\/b>: Los switches mec\u00e1nicos HUANO incorporados en el rat\u00f3n inal\u00e1mbrico, ofrecen una pulsaci\u00f3n \u00f3ptima en todo momento, transmitiendo tus \u00f3rdenes a gran velocidad y haciendo que cada movimiento sea fluido y directo<\/span><\/li>\n<li class=\"a-spacing-mini\"><span class=\"a-list-item\"><b>BATER\u00cdA RECARGABLE CON SISTEMA DE AHORRO DE ENERG\u00cdA<\/b>: El MMW3 utiliza una avanzada bater\u00eda recargable interna de larga duraci\u00f3n que dispone de una funci\u00f3n standby integrada, apagando el sensor \u00f3ptico cuando no est\u00e1s utilizando el rat\u00f3n<\/span><\/li>\n<li class=\"a-spacing-mini\"><span class=\"a-list-item\"><b>RECEPTOR USB INAL\u00c1MBRICO INTEGRADO<\/b>: El receptor inal\u00e1mbrico USB del MMW3 se encuentra alojado en la parte inferior del rat\u00f3n gaming y cuenta con tecnolog\u00eda de transmisi\u00f3n inal\u00e1mbrica de 2.4GHz<\/span><\/li>\n<li class=\"a-spacing-mini\"><span class=\"a-list-item\"><b>DISE\u00d1O ULTRALIGERO HIVE con RGB FLOW<\/b>: Fabricado con un dise\u00f1o ultraligero hive, el MMW3 te ofrece un completo rat\u00f3n inal\u00e1mbrico con bater\u00eda interna de tan s\u00f3lo 79 gramos; adem\u00e1s, cuenta con un espectacular sistema de iluminaci\u00f3n LED RGB Flow con transici\u00f3n autom\u00e1tica de colores<\/span><\/li>\n<li class=\"a-spacing-mini\"><span class=\"a-list-item\"><b>SENSOR \u00d3PTICO DE 3200 DPI<\/b>: El rat\u00f3n MMW3 te garantiza velocidad y precisi\u00f3n total en cada movimiento con un sensor \u00f3ptico de 3200 DPI y 3 perfiles distintos de 800, 1600 y 3200 para que puedas regular la intensidad de tus movimientos<\/span><\/li>\n<\/ul>\n","protected":false},"featured_media":208318,"comment_status":"open","ping_status":"closed","template":"","meta":{"_et_pb_use_builder":"on","_et_pb_old_content":"<h1 class=\"a-size-base-plus a-text-bold\">Sobre este art\u00edculo<\/h1>\r\n<ul class=\"a-unordered-list a-vertical a-spacing-mini\">\r\n \t<li class=\"a-spacing-mini\"><span class=\"a-list-item\"><b>DISE\u00d1O ULTRALIGERO HIVE CON RGB FLOW<\/b>: Fabricado con un dise\u00f1o ultraligero hive, el MMW3 te ofrece un completo rat\u00f3n inal\u00e1mbrico con bater\u00eda interna de tan s\u00f3lo 79 gramos; Adem\u00e1s, cuenta con un espectacular sistema de iluminaci\u00f3n LED RGB Flow con transici\u00f3n autom\u00e1tica de colores<\/span><\/li>\r\n \t<li class=\"a-spacing-mini\"><span class=\"a-list-item\"><b>SENSOR \u00d3PTICO DE 3200 DPI<\/b>: El rat\u00f3n MMW3 te garantiza velocidad y precisi\u00f3n total en cada movimiento con un sensor \u00f3ptico de 3200 DPI y 3 perfiles distintos de 800, 1600 y 3200 para que puedas regular la intensidad de tus movimientos<\/span><\/li>\r\n \t<li class=\"a-spacing-mini\"><span class=\"a-list-item\"><b>SWITCHES MEC\u00c1NIC\u00c1NICOS PROFESIONALES<\/b>: Los switches mec\u00e1nicos HUANO incorporados en el rat\u00f3n inal\u00e1mbrico, ofrecen una pulsaci\u00f3n \u00f3ptima en todo momento, transmitiendo tus \u00f3rdenes a gran velocidad y haciendo que cada movimiento sea fluido y directo<\/span><\/li>\r\n \t<li class=\"a-spacing-mini\"><span class=\"a-list-item\"><b>BATER\u00cdA RECARGABLE CON SISTEMA DE AHORRO DE ENERG\u00cdA<\/b>: El MMW3 utiliza una avanzada bater\u00eda recargable interna de larga duraci\u00f3n que dispone de una funci\u00f3n standby integrada, apagando el sensor \u00f3ptico cuando no est\u00e1s utilizando el rat\u00f3n<\/span><\/li>\r\n \t<li class=\"a-spacing-mini\"><span class=\"a-list-item\"><b>RECEPTOR USB INAL\u00c1MBRICO INTEGRADO<\/b>: El receptor inal\u00e1mbrico USB del MMW3 se encuentra alojado en la parte inferior del rat\u00f3n gaming y cuenta con tecnolog\u00eda de transmisi\u00f3n inal\u00e1mbrica de 2.4GHz<\/span><\/li>\r\n \t<li class=\"a-spacing-mini\"><span class=\"a-list-item\"><b>DISE\u00d1O ULTRALIGERO HIVE con RGB FLOW<\/b>: Fabricado con un dise\u00f1o ultraligero hive, el MMW3 te ofrece un completo rat\u00f3n inal\u00e1mbrico con bater\u00eda interna de tan s\u00f3lo 79 gramos; adem\u00e1s, cuenta con un espectacular sistema de iluminaci\u00f3n LED RGB Flow con transici\u00f3n autom\u00e1tica de colores<\/span><\/li>\r\n \t<li class=\"a-spacing-mini\"><span class=\"a-list-item\"><b>SENSOR \u00d3PTICO DE 3200 DPI<\/b>: El rat\u00f3n MMW3 te garantiza velocidad y precisi\u00f3n total en cada movimiento con un sensor \u00f3ptico de 3200 DPI y 3 perfiles distintos de 800, 1600 y 3200 para que puedas regular la intensidad de tus movimientos<\/span><\/li>\r\n<\/ul>","_et_gb_content_width":""},"product_cat":[18,17],"product_tag":[],"yoast_head":"<!-- This site is optimized with the Yoast SEO Premium plugin v15.4 - https:\/\/yoast.com\/wordpress\/plugins\/seo\/ -->\n<title>Glorious Gaming Model O Wireless Gaming Mouse | cybercaze<\/title>\n<meta name=\"description\" content=\"\u201cDescubre el Glorious Model O Wireless, un rat\u00f3n ultraligero de 69 g con dise\u00f1o de panal de abeja. Este mouse es perfecto para jugadores apasionados. Con una conectividad inal\u00e1mbrica de 2.4 GHz y una latencia ultrabaja de 1 ms, experimentar\u00e1s un rendimiento constante. Personaliza su iluminaci\u00f3n RGB y disfruta de hasta 71 horas de juego con una sola carga. \u00a1Domina tus partidas con estilo!\u201d\" \/>\n<meta name=\"robots\" content=\"index, follow, max-snippet:-1, max-image-preview:large, max-video-preview:-1\" \/>\n<link rel=\"canonical\" href=\"https:\/\/cybercaze.com\/index.php\/producto\/glorious-gaming\/\" \/>\n<meta property=\"og:locale\" content=\"es_ES\" \/>\n<meta property=\"og:type\" content=\"article\" \/>\n<meta property=\"og:title\" content=\"Glorious Gaming Model O Wireless Gaming Mouse | cybercaze\" \/>\n<meta property=\"og:description\" content=\"\u201cDescubre el Glorious Model O Wireless, un rat\u00f3n ultraligero de 69 g con dise\u00f1o de panal de abeja. Este mouse es perfecto para jugadores apasionados. Con una conectividad inal\u00e1mbrica de 2.4 GHz y una latencia ultrabaja de 1 ms, experimentar\u00e1s un rendimiento constante. Personaliza su iluminaci\u00f3n RGB y disfruta de hasta 71 horas de juego con una sola carga. \u00a1Domina tus partidas con estilo!\u201d\" \/>\n<meta property=\"og:url\" content=\"https:\/\/cybercaze.com\/index.php\/producto\/glorious-gaming\/\" \/>\n<meta property=\"og:site_name\" content=\"cybercaze\" \/>\n<meta property=\"article:modified_time\" content=\"2024-02-14T21:52:52+00:00\" \/>\n<meta property=\"og:image\" content=\"https:\/\/cybercaze.com\/wp-content\/uploads\/2023\/10\/mause.png\" \/>\n\t<meta property=\"og:image:width\" content=\"679\" \/>\n\t<meta property=\"og:image:height\" content=\"501\" \/>\n<meta name=\"twitter:card\" content=\"summary_large_image\" \/>\n<meta name=\"twitter:label1\" content=\"Escrito por\">\n\t<meta name=\"twitter:data1\" content=\"mateo\">\n\t<meta name=\"twitter:label2\" content=\"Tiempo de lectura\">\n\t<meta name=\"twitter:data2\" content=\"1 minuto\">\n<script type=\"application\/ld+json\" class=\"yoast-schema-graph\">{\"@context\":\"https:\/\/schema.org\",\"@graph\":[{\"@type\":\"Organization\",\"@id\":\"https:\/\/cybercaze.com\/#organization\",\"name\":\"Cybercaze\",\"url\":\"https:\/\/cybercaze.com\/\",\"sameAs\":[],\"logo\":{\"@type\":\"ImageObject\",\"@id\":\"https:\/\/cybercaze.com\/#logo\",\"inLanguage\":\"es\",\"url\":\"https:\/\/cybercaze.com\/wp-content\/uploads\/2023\/12\/logo-grande.png\",\"width\":2000,\"height\":4080,\"caption\":\"Cybercaze\"},\"image\":{\"@id\":\"https:\/\/cybercaze.com\/#logo\"}},{\"@type\":\"WebSite\",\"@id\":\"https:\/\/cybercaze.com\/#website\",\"url\":\"https:\/\/cybercaze.com\/\",\"name\":\"cybercaze\",\"description\":\"Tienda en l\\u00ednea para productos de tecnolog\\u00eda, equipos y accesorios\",\"publisher\":{\"@id\":\"https:\/\/cybercaze.com\/#organization\"},\"potentialAction\":[{\"@type\":\"SearchAction\",\"target\":\"https:\/\/cybercaze.com\/?s={search_term_string}\",\"query-input\":\"required name=search_term_string\"}],\"inLanguage\":\"es\"},{\"@type\":\"ImageObject\",\"@id\":\"https:\/\/cybercaze.com\/index.php\/producto\/glorious-gaming\/#primaryimage\",\"inLanguage\":\"es\",\"url\":\"https:\/\/cybercaze.com\/wp-content\/uploads\/2023\/10\/mause.png\",\"width\":679,\"height\":501,\"caption\":\"Mars Gaming MMW3W, Rat\\u00f3n Gaming Inal\\u00e1mbrico, RGB Flow, Ultraligero 79g, 3200DPI, Blanco\"},{\"@type\":\"WebPage\",\"@id\":\"https:\/\/cybercaze.com\/index.php\/producto\/glorious-gaming\/#webpage\",\"url\":\"https:\/\/cybercaze.com\/index.php\/producto\/glorious-gaming\/\",\"name\":\"Glorious Gaming Model O Wireless Gaming Mouse | cybercaze\",\"isPartOf\":{\"@id\":\"https:\/\/cybercaze.com\/#website\"},\"primaryImageOfPage\":{\"@id\":\"https:\/\/cybercaze.com\/index.php\/producto\/glorious-gaming\/#primaryimage\"},\"datePublished\":\"2023-11-08T22:54:16+00:00\",\"dateModified\":\"2024-02-14T21:52:52+00:00\",\"description\":\"\\u201cDescubre el Glorious Model O Wireless, un rat\\u00f3n ultraligero de 69 g con dise\\u00f1o de panal de abeja. Este mouse es perfecto para jugadores apasionados. Con una conectividad inal\\u00e1mbrica de 2.4 GHz y una latencia ultrabaja de 1 ms, experimentar\\u00e1s un rendimiento constante. Personaliza su iluminaci\\u00f3n RGB y disfruta de hasta 71 horas de juego con una sola carga. \\u00a1Domina tus partidas con estilo!\\u201d\",\"inLanguage\":\"es\",\"potentialAction\":[{\"@type\":\"ReadAction\",\"target\":[\"https:\/\/cybercaze.com\/index.php\/producto\/glorious-gaming\/\"]}]}]}<\/script>\n<!-- \/ Yoast SEO Premium plugin. -->","_links":{"self":[{"href":"https:\/\/cybercaze.com\/index.php\/wp-json\/wp\/v2\/product\/213069"}],"collection":[{"href":"https:\/\/cybercaze.com\/index.php\/wp-json\/wp\/v2\/product"}],"about":[{"href":"https:\/\/cybercaze.com\/index.php\/wp-json\/wp\/v2\/types\/product"}],"replies":[{"embeddable":true,"href":"https:\/\/cybercaze.com\/index.php\/wp-json\/wp\/v2\/comments?post=213069"}],"wp:featuredmedia":[{"embeddable":true,"href":"https:\/\/cybercaze.com\/index.php\/wp-json\/wp\/v2\/media\/208318"}],"wp:attachment":[{"href":"https:\/\/cybercaze.com\/index.php\/wp-json\/wp\/v2\/media?parent=213069"}],"wp:term":[{"taxonomy":"product_cat","embeddable":true,"href":"https:\/\/cybercaze.com\/index.php\/wp-json\/wp\/v2\/product_cat?post=213069"},{"taxonomy":"product_tag","embeddable":true,"href":"https:\/\/cybercaze.com\/index.php\/wp-json\/wp\/v2\/product_tag?post=213069"}],"curies":[{"name":"wp","href":"https:\/\/api.w.org\/{rel}","templated":true}]}}